False
Is 15323 a multiple of 199?
True
Does 22 divide 838?
False
Is 37 a multiple of 37?
True
Does 98 divide 29934?
False
Is 1010 a multiple of 30?
False
Is 1871 a multiple of 58?
False
Does 24 divide 675?
False
Is 442 even?
True
Is 10 a factor of 130?
True
Is 677 a multiple of 2?
False
Does 11 divide 79068?
True
Is 68 a multiple of 3?
False
Does 89 divide 4553?
False
Is 23496 a multiple of 44?
True
Is 5 a factor of 1169?
False
Does 46 divide 28844?
False
Does 16 divide 525?
False
Is 2365 a multiple of 11?
True
Is 8172 a multiple of 18?
True
Does 61 divide 7259?
True
Is 12386 a multiple of 40?
False
Does 197 divide 19897?
True
Does 21 divide 119154?
True
Is 56 a factor of 3213?
False
Is 189 a factor of 11548?
False
Is 11 a factor of 4854?
False
Is 33 a factor of 36063?
False
Is 36 a factor of 864?
True
Is 17 a factor of 23290?
True
Does 8 divide 57?
False
Is 2 a factor of 96?
True
Does 34 divide 6388?
False
Is 23 a factor of 1886?
True
Is 42119 a multiple of 7?
True
Is 335 a multiple of 33?
False
Is 25742 a multiple of 61?
True
Is 713 a multiple of 31?
True
Is 8053 a multiple of 299?
False
Does 10 divide 320?
True
Does 11 divide 1453?
False
Is 96 a multiple of 32?
True
Is 66178 a multiple of 203?
True
Does 21 divide 31377?
False
Is 7 a factor of 203?
True
Is 1348 a multiple of 4?
True
Is 7703 a multiple of 117?
False
Is 18 a factor of 3096?
True
Is 39 a factor of 894?
False
Is 10888 a multiple of 38?
False
Is 1302 a multiple of 7?
True
Is 51 a factor of 11526?
True
Does 39 divide 2872?
False
Is 649 a multiple of 25?
False
Is 680 a multiple of 17?
True
Is 69 a factor of 6639?
False
Does 84 divide 3696?
True
Is 705 a multiple of 31?
False
Is 845 a multiple of 65?
True
Is 578 a multiple of 11?
False
Does 10 divide 5782?
False
Is 176 a factor of 2992?
True
Is 1374 a multiple of 103?
False
Is 141 a factor of 2570?
False
Is 1305 a multiple of 2?
False
Is 84 a factor of 3825?
False
Does 25 divide 21475?
True
Is 84 a multiple of 6?
True
Does 6 divide 834?
True
Does 36 divide 273?
False
Is 258 a factor of 32508?
True
Is 441 a multiple of 49?
True
Is 5780 a multiple of 68?
True
Is 5 a factor of 1304?
False
Is 630 a multiple of 63?
True
Does 70 divide 1281?
False
Is 56 a factor of 2250?
False
Does 9 divide 907?
False
Does 328 divide 141040?
True
Is 5559 a multiple of 17?
True
Does 69 divide 4909?
False
Is 20 a factor of 23348?
False
Does 50 divide 1056?
False
Is 25 a factor of 47547?
False
Is 10 a factor of 2305?
False
Does 36 divide 25776?
True
Is 8 a factor of 195?
False
Is 64387 a multiple of 67?
True
Is 2905 a multiple of 73?
False
Is 2220 a multiple of 15?
True
Is 60 a factor of 1608?
False
Is 273 a multiple of 7?
True
Is 14136 a multiple of 62?
True
Is 179 a multiple of 11?
False
Is 1111 a multiple of 11?
True
Is 792 a multiple of 44?
True
Does 10 divide 190?
True
Is 1312 a multiple of 41?
True
Is 12275 a multiple of 104?
False
Does 10 divide 480?
True
Is 810 a multiple of 18?
True
Is 968 a multiple of 8?
True
Does 38 divide 25602?
False
Is 198 a multiple of 8?
False
Is 12 a multiple of 3?
True
Is 116 a multiple of 4?
True
Is 12 a factor of 20052?
True
Is 26 a factor of 1525?
False
Is 5041 a multiple of 27?
False
Is 51 a factor of 1473?
False
Is 10 a factor of 1087?
False
Is 77 a multiple of 4?
False
Does 23 divide 598?
True
Does 18 divide 9846?
True
Is 5 a factor of 1100?
True
Does 11 divide 12858?
False
Is 6 a factor of 3762?
True
Is 27375 a multiple of 75?
True
Is 7250 a multiple of 5?
True
Does 25 divide 1100?
True
Is 10062 a multiple of 26?
True
Does 7 divide 637?
True
Is 6765 a multiple of 41?
True
Is 33 a factor of 1452?
True
Does 4 divide 400?
True
Does 13 divide 3443?
False
Is 21 a factor of 3927?
True
Is 9 a factor of 5283?
True
Does 32 divide 14218?
False
Is 18397 a multiple of 376?
False
Is 76 a factor of 1310?
False
Is 37 a factor of 20119?
False
Is 22448 a multiple of 244?
True
Is 20 a factor of 5940?
True
Is 21 a factor of 5466?
False
Is 490 a multiple of 40?
False
Does 29 divide 406?
True
Does 69 divide 6956?
False
Does 38 divide 9389?
False
Is 546 a multiple of 12?
False
Does 6 divide 78?
True
Is 31311 a multiple of 49?
True
Does 47 divide 1504?
True
Is 76 even?
True
Is 532 a multiple of 49?
False
Does 10 divide 2043?
False
Is 64 a factor of 2233?
False
Is 78 a factor of 3432?
True
Is 37 a factor of 5743?
False
Is 464 a multiple of 4?
True
Is 17 a factor of 1610?
False
Is 308 a multiple of 14?
True
Is 232 a multiple of 17?
False
Does 54 divide 1168?
False
Does 28 divide 3226?
False
Is 8 a factor of 4232?
True
Is 725 a multiple of 96?
False
Is 7 a factor of 30254?
True
Is 434 a multiple of 3?
False
Is 96 a multiple of 12?
True
Is 144 a multiple of 6?
True
Is 47 a factor of 268?
False
Is 121 a factor of 21901?
True
Does 28 divide 8924?
False
Is 1248 a multiple of 24?
True
Does 77 divide 23254?
True
Is 43281 a multiple of 63?
True
Is 21 a factor of 3381?
True
Is 17 a factor of 238?
True
Does 35 divide 11432?
False
Is 15417 a multiple of 10?
False
Does 33 divide 23133?
True
Is 460 a multiple of 23?
True
Is 57 a factor of 22971?
True
Is 49 a factor of 1126?
False
Does 124 divide 2604?
True
Is 23 even?
False
Is 420 a multiple of 31?
False
Does 32 divide 928?
True
Is 689 a multiple of 5?
False
Is 6632 a multiple of 8?
True
Is 648 a multiple of 14?
False
Does 32 divide 89760?
True
Does 27 divide 1863?
True
Does 52 divide 190?
False
Does 2 divide 1009?
False
Is 192 a multiple of 12?
True
Is 177 a factor of 2024?
False
Is 499 a multiple of 34?
False
Is 68 a factor of 770?
False
Does 60 divide 313?
False
Is 1150 a multiple of 46?
True
Is 5 a factor of 215?
True
Is 22 a factor of 1201?
False
Does 47 divide 3883?
False
Does 50 divide 1111?
False
Is 6163 a multiple of 54?
False
Does 27 divide 3864?
False
Is 255 a multiple of 3?
True
Does 79 divide 5309?
False
Does 10 divide 34967?
False
Does 27 divide 756?
True
Is 10 a factor of 3141?
False
Does 7 divide 133?
True
Does 13 divide 38348?
False
Is 20 a factor of 1452?
False
Does 15 divide 61575?
True
Does 237 divide 177702?
False
Is 71 a factor of 3077?
False
Is 3900 a multiple of 6?
True
Is 35 a multiple of 2?
False
Is 65 a factor of 126360?
True
Is 11613 a multiple of 147?
True
Is 15 a factor of 17490?
True
Is 510 a multiple of 13?
False
Is 2 a factor of 65?
False
Does 15 divide 1005?
True
Is 1508 a multiple of 2?
True
Does 146 divide 3980?
False
Is 12 a factor of 2085?
False
Does 124 divide 7688?
True
Does 11 divide 396?
True
Is 4 a factor of 641?
False
Is 3953 a multiple of 28?
False
Is 4 a factor of 14018?
False
Is 4420 a multiple of 26?
True
Is 5 a factor of 420?
True
Is 8 a factor of 1760?
True
Is 5 a factor of 209?
False
Is 11 a factor of 2420?
True
Is 99 a factor of 4851?
True
Is 4 a factor of 32?
True
Is 49 a factor of 41993?
True
Is 15 a factor of 10440?
True
Is 3018 a multiple of 42?
False
Does 42 divide 1680?
True
Is 105844 a multiple of 161?
False
Is 9951 a multiple of 23?
False
Is 34 a factor of 1549?
False
Does 10 divide 830?
True
Is 20 a factor of 2044?
False
Is 41673 a multiple of 12?
False
Is 26146 a multiple of 247?
False
Does 4 divide 5345?
False
Is 356 a multiple of 4?
True
Is 108 a factor of 4910?
False
Is 11 a factor of 1966?
False
Does 9 divide 2228?
False
Is 898 a multiple of 96?
False
Does 12 divide 5044?
False
Is 510 a multiple of 15?
True
Is 3798 a multiple of 9?
True
Does 57 divide 4943?
False
Does 34 divide 495?
False
Is 461 a multiple of 73?
False
Is 708 a multiple of 5?
False
Is 26 a factor of 22360?
True
Is 8 a factor of 1616?
True
Is 7 a factor of 2681?
True
Is 39 a factor of 7385?
False
Does 17 divide 13107?
True
Does 4 divide 3920?
True
Is 506 a multiple of 6?
False
Is 2610 a multiple of 13?
False
Is 13 a factor of 5123?
False
Is 12 a factor of 42372?
True
Is 37 a factor of 5957?
True
Is 6040 a multiple of 40?
True
Does 27 divide 94164?
False
Is 3 a factor of 60?
True
Is 2 a factor of 310?
True
Is 4096 a multiple of 64?
True
Does 28 divide 32816?
True
Does 12 divide 1784?
False
Does 38 divide 1482?
True
Is 9775 a multiple of 23?
True
Does 60 divide 180?
True
Is 45 a multiple of 7?
False
Does 23 divide 60?
False
Is 41 a factor of 18409?
True
Is 3277 a multiple of 113?
True
Does 27 divide 16838?
False
Is 12 a factor of 4114?
False
Does 12 divide 1032?
True
Do